{"id":25,"date":"2016-02-12T08:13:22","date_gmt":"2016-02-12T08:13:22","guid":{"rendered":"http:\/\/demos.famethemes.com\/onepress\/?page_id=25"},"modified":"2021-04-30T16:44:42","modified_gmt":"2021-04-30T16:44:42","slug":"service-title-3","status":"publish","type":"page","link":"https:\/\/spcnae.com\/index.php\/service-title-3\/","title":{"rendered":"Espacios P\u00fablicos Conectados"},"content":{"rendered":"<p>Morbi in sem quis dui placerat ornare. Pellentesque odio nisi euismod in pharetra a ultricies.<\/p>\n","protected":false},"excerpt":{"rendered":"<p>Este programa incluye una red de m\u00e1s de 2.500 kil\u00f3metros de fibra \u00f3ptica a nivel nacional, para  llevar acceso gratuito v\u00eda \u201cWiFi\u201d a 513 espacios p\u00fablicos en todo el pa\u00eds, m\u00e1s 400 parques y plazas, 28 estaciones de tren, 61 bibliotecas p\u00fablicas y 7 Centros C\u00edvicos por la Paz.<\/p>\n","protected":false},"author":1,"featured_media":0,"parent":0,"menu_order":0,"comment_status":"closed","ping_status":"closed","template":"","meta":{"om_disable_all_campaigns":false,"_mi_skip_tracking":false,"footnotes":""},"class_list":["post-25","page","type-page","status-publish","hentry"],"aioseo_notices":[],"_links":{"self":[{"href":"https:\/\/spcnae.com\/index.php\/wp-json\/wp\/v2\/pages\/25","targetHints":{"allow":["GET"]}}],"collection":[{"href":"https:\/\/spcnae.com\/index.php\/wp-json\/wp\/v2\/pages"}],"about":[{"href":"https:\/\/spcnae.com\/index.php\/wp-json\/wp\/v2\/types\/page"}],"author":[{"embeddable":true,"href":"https:\/\/spcnae.com\/index.php\/wp-json\/wp\/v2\/users\/1"}],"replies":[{"embeddable":true,"href":"https:\/\/spcnae.com\/index.php\/wp-json\/wp\/v2\/comments?post=25"}],"version-history":[{"count":2,"href":"https:\/\/spcnae.com\/index.php\/wp-json\/wp\/v2\/pages\/25\/revisions"}],"predecessor-version":[{"id":1470,"href":"https:\/\/spcnae.com\/index.php\/wp-json\/wp\/v2\/pages\/25\/revisions\/1470"}],"wp:attachment":[{"href":"https:\/\/spcnae.com\/index.php\/wp-json\/wp\/v2\/media?parent=25"}],"curies":[{"name":"wp","href":"https:\/\/api.w.org\/{rel}","templated":true}]}}

Espacios Públicos Conectados

<p>Este programa incluye una red de más de 2.500 kilómetros de fibra óptica a nivel nacional, para  llevar acceso gratuito vía “WiFi” a 513 espacios públicos en todo el país, más 400 parques y plazas, 28 estaciones de tren, 61 bibliotecas públicas y 7 Centros Cívicos por la Paz.</p>
